[INFO] cloning repository https://github.com/cryptorelay/redis-aggregation
[INFO] running `Command { std: "git" "-c" "credential.helper=" "-c" "credential.helper=/workspace/cargo-home/bin/git-credential-null" "clone" "--bare" "https://github.com/cryptorelay/redis-aggregation" "/workspace/cache/git-repos/https%3A%2F%2Fgithub.com%2Fcryptorelay%2Fredis-aggregation", kill_on_drop: false }`
[INFO] [stderr] Cloning into bare repository '/workspace/cache/git-repos/https%3A%2F%2Fgithub.com%2Fcryptorelay%2Fredis-aggregation'...
[INFO] running `Command { std: "git" "rev-parse" "HEAD", kill_on_drop: false }`
[INFO] [stdout] 560a214986b3eb9568b0b0ba83ea49a75343011e
[INFO] checking cryptorelay/redis-aggregation against master#af3c6e733a40e671550e0f0f5aeecaa13772ba56 for pr-74989
[INFO] running `Command { std: "git" "clone" "/workspace/cache/git-repos/https%3A%2F%2Fgithub.com%2Fcryptorelay%2Fredis-aggregation" "/workspace/builds/worker-1/source", kill_on_drop: false }`
[INFO] [stderr] Cloning into '/workspace/builds/worker-1/source'...
[INFO] [stderr] done.
[INFO] validating manifest of git repo https://github.com/cryptorelay/redis-aggregation on toolchain af3c6e733a40e671550e0f0f5aeecaa13772ba56
[INFO] running `Command { std: "/workspace/cargo-home/bin/cargo" "+af3c6e733a40e671550e0f0f5aeecaa13772ba56" "read-manifest" "--manifest-path" "Cargo.toml", kill_on_drop: false }`
[INFO] started tweaking git repo https://github.com/cryptorelay/redis-aggregation
[INFO] removed path dependency redismodule from git repo https://github.com/cryptorelay/redis-aggregation
[INFO] finished tweaking git repo https://github.com/cryptorelay/redis-aggregation
[INFO] tweaked toml for git repo https://github.com/cryptorelay/redis-aggregation written to /workspace/builds/worker-1/source/Cargo.toml
[INFO] crate git repo https://github.com/cryptorelay/redis-aggregation already has a lockfile, it will not be regenerated
[INFO] running `Command { std: "/workspace/cargo-home/bin/cargo" "+af3c6e733a40e671550e0f0f5aeecaa13772ba56" "fetch" "--locked" "--manifest-path" "Cargo.toml", kill_on_drop: false }`
[INFO] [stderr] warning: dependency (redismodule) specified without providing a local path, Git repository, or version to use. This will be considered an error in future versions
[INFO] [stderr]     Updating crates.io index
[INFO] [stderr] error: the lock file /workspace/builds/worker-1/source/Cargo.lock needs to be updated but --locked was passed to prevent this
[INFO] [stderr] If you want to try to generate the lock file without accessing the network, use the --offline flag.
[INFO] the lockfile is outdated, regenerating it
[INFO] running `Command { std: "/workspace/cargo-home/bin/cargo" "+af3c6e733a40e671550e0f0f5aeecaa13772ba56" "generate-lockfile" "--manifest-path" "Cargo.toml" "-Zno-index-update", kill_on_drop: false }`
[INFO] running `Command { std: "/workspace/cargo-home/bin/cargo" "+af3c6e733a40e671550e0f0f5aeecaa13772ba56" "fetch" "--locked" "--manifest-path" "Cargo.toml", kill_on_drop: false }`
[INFO] [stderr] warning: dependency (redismodule) specified without providing a local path, Git repository, or version to use. This will be considered an error in future versions
[INFO] running `Command { std: "docker" "create" "-v" "/var/lib/crater-agent-workspace/builds/worker-1/target:/opt/rustwide/target:rw,Z" "-v" "/var/lib/crater-agent-workspace/builds/worker-1/source:/opt/rustwide/workdir:ro,Z" "-v" "/var/lib/crater-agent-workspace/cargo-home:/opt/rustwide/cargo-home:ro,Z" "-v" "/var/lib/crater-agent-workspace/rustup-home:/opt/rustwide/rustup-home:ro,Z" "-e" "SOURCE_DIR=/opt/rustwide/workdir" "-e" "CARGO_TARGET_DIR=/opt/rustwide/target" "-e" "CARGO_HOME=/opt/rustwide/cargo-home" "-e" "RUSTUP_HOME=/opt/rustwide/rustup-home" "-w" "/opt/rustwide/workdir" "-m" "1610612736" "--user" "0:0" "--network" "none" "rustops/crates-build-env@sha256:d92eaeed33fa75130ca1ee6c8a01d1ffb62bac859dfdfb3450e3e5d1c0146529" "/opt/rustwide/cargo-home/bin/cargo" "+af3c6e733a40e671550e0f0f5aeecaa13772ba56" "metadata" "--no-deps" "--format-version=1", kill_on_drop: false }`
[INFO] [stdout] cc85b72a633f116321cb1e1d0318db139a543842c9f9e5a066b90b340bbabe0d
[INFO] [stderr] WARNING: Your kernel does not support swap limit capabilities or the cgroup is not mounted. Memory limited without swap.
[INFO] running `Command { std: "docker" "start" "-a" "cc85b72a633f116321cb1e1d0318db139a543842c9f9e5a066b90b340bbabe0d", kill_on_drop: false }`
[INFO] running `Command { std: "docker" "inspect" "cc85b72a633f116321cb1e1d0318db139a543842c9f9e5a066b90b340bbabe0d", kill_on_drop: false }`
[INFO] running `Command { std: "docker" "rm" "-f" "cc85b72a633f116321cb1e1d0318db139a543842c9f9e5a066b90b340bbabe0d", kill_on_drop: false }`
[INFO] [stdout] cc85b72a633f116321cb1e1d0318db139a543842c9f9e5a066b90b340bbabe0d
[INFO] running `Command { std: "docker" "create" "-v" "/var/lib/crater-agent-workspace/builds/worker-1/target:/opt/rustwide/target:rw,Z" "-v" "/var/lib/crater-agent-workspace/builds/worker-1/source:/opt/rustwide/workdir:ro,Z" "-v" "/var/lib/crater-agent-workspace/cargo-home:/opt/rustwide/cargo-home:ro,Z" "-v" "/var/lib/crater-agent-workspace/rustup-home:/opt/rustwide/rustup-home:ro,Z" "-e" "SOURCE_DIR=/opt/rustwide/workdir" "-e" "CARGO_TARGET_DIR=/opt/rustwide/target" "-e" "CARGO_INCREMENTAL=0" "-e" "RUST_BACKTRACE=full" "-e" "RUSTFLAGS=--cap-lints=forbid" "-e" "CARGO_HOME=/opt/rustwide/cargo-home" "-e" "RUSTUP_HOME=/opt/rustwide/rustup-home" "-w" "/opt/rustwide/workdir" "-m" "1610612736" "--user" "0:0" "--network" "none" "rustops/crates-build-env@sha256:d92eaeed33fa75130ca1ee6c8a01d1ffb62bac859dfdfb3450e3e5d1c0146529" "/opt/rustwide/cargo-home/bin/cargo" "+af3c6e733a40e671550e0f0f5aeecaa13772ba56" "check" "--frozen" "--all" "--all-targets" "--message-format=json", kill_on_drop: false }`
[INFO] [stdout] 240ed82f31199467dc145d763c2074c97350b890faa855f7e923f83a3e465284
[INFO] [stderr] WARNING: Your kernel does not support swap limit capabilities or the cgroup is not mounted. Memory limited without swap.
[INFO] running `Command { std: "docker" "start" "-a" "240ed82f31199467dc145d763c2074c97350b890faa855f7e923f83a3e465284", kill_on_drop: false }`
[INFO] [stderr] warning: dependency (redismodule) specified without providing a local path, Git repository, or version to use. This will be considered an error in future versions
[INFO] [stderr]    Compiling syn v1.0.40
[INFO] [stderr]    Compiling serde v1.0.116
[INFO] [stderr]    Compiling syn v0.15.44
[INFO] [stderr]     Checking redismodule v0.1.2
[INFO] [stderr]    Compiling serde_derive v1.0.116
[INFO] [stderr]    Compiling serde_tuple v0.2.5
[INFO] [stderr]     Checking redis-aggregation v0.1.0 (/opt/rustwide/workdir)
[INFO] [stdout] error[E0432]: unresolved imports `redismodule::Context`, `redismodule::RedisResult`, `redismodule::RedisError`, `redismodule::RedisValue`, `redismodule::REDIS_OK`, `redismodule::parse_integer`, `redismodule::parse_float`
[INFO] [stdout]   --> src/lib.rs:20:5
[INFO] [stdout]    |
[INFO] [stdout] 20 |     Context, RedisResult, RedisError, RedisValue, REDIS_OK,
[INFO] [stdout]    |     ^^^^^^^  ^^^^^^^^^^^  ^^^^^^^^^^  ^^^^^^^^^^  ^^^^^^^^ no `REDIS_OK` in the root
[INFO] [stdout]    |     |        |            |           |
[INFO] [stdout]    |     |        |            |           no `RedisValue` in the root
[INFO] [stdout]    |     |        |            no `RedisError` in the root
[INFO] [stdout]    |     |        no `RedisResult` in the root
[INFO] [stdout]    |     no `Context` in the root
[INFO] [stdout] 21 |     parse_integer, parse_float
[INFO] [stdout]    |     ^^^^^^^^^^^^^  ^^^^^^^^^^^ no `parse_float` in the root
[INFO] [stdout]    |     |
[INFO] [stdout]    |     no `parse_integer` in the root
[INFO] [stdout] 
[INFO] [stdout] 
[INFO] [stdout] error[E0432]: unresolved import `redismodule::native_types`
[INFO] [stdout]   --> src/lib.rs:24:18
[INFO] [stdout]    |
[INFO] [stdout] 24 | use redismodule::native_types::RedisType;
[INFO] [stdout]    |                  ^^^^^^^^^^^^ could not find `native_types` in `redismodule`
[INFO] [stdout] 
[INFO] [stdout] 
[INFO] [stdout] error: cannot find macro `redis_module` in this scope
[INFO] [stdout]    --> src/lib.rs:836:1
[INFO] [stdout]     |
[INFO] [stdout] 836 | redis_module! {
[INFO] [stdout]     | ^^^^^^^^^^^^
[INFO] [stdout] 
[INFO] [stdout] 
[INFO] [stdout] error[E0432]: unresolved imports `redismodule::Context`, `redismodule::RedisResult`, `redismodule::RedisError`, `redismodule::RedisValue`, `redismodule::REDIS_OK`, `redismodule::parse_integer`, `redismodule::parse_float`
[INFO] [stdout]   --> src/lib.rs:20:5
[INFO] [stdout]    |
[INFO] [stdout] 20 |     Context, RedisResult, RedisError, RedisValue, REDIS_OK,
[INFO] [stdout]    |     ^^^^^^^  ^^^^^^^^^^^  ^^^^^^^^^^  ^^^^^^^^^^  ^^^^^^^^ no `REDIS_OK` in the root
[INFO] [stdout]    |     |        |            |           |
[INFO] [stdout]    |     |        |            |           no `RedisValue` in the root
[INFO] [stdout]    |     |        |            no `RedisError` in the root
[INFO] [stdout]    |     |        no `RedisResult` in the root
[INFO] [stdout]    |     no `Context` in the root
[INFO] [stdout] 21 |     parse_integer, parse_float
[INFO] [stdout]    |     ^^^^^^^^^^^^^  ^^^^^^^^^^^ no `parse_float` in the root
[INFO] [stdout]    |     |
[INFO] [stdout]    |     no `parse_integer` in the root
[INFO] [stdout] 
[INFO] [stdout] 
[INFO] [stdout] error[E0432]: unresolved import `redismodule::native_types`
[INFO] [stdout]   --> src/lib.rs:24:18
[INFO] [stdout]    |
[INFO] [stdout] 24 | use redismodule::native_types::RedisType;
[INFO] [stdout]    |                  ^^^^^^^^^^^^ could not find `native_types` in `redismodule`
[INFO] [stdout] 
[INFO] [stdout] 
[INFO] [stdout] error: cannot find macro `redis_module` in this scope
[INFO] [stdout]    --> src/lib.rs:836:1
[INFO] [stdout]     |
[INFO] [stdout] 836 | redis_module! {
[INFO] [stdout]     | ^^^^^^^^^^^^
[INFO] [stdout] 
[INFO] [stdout] 
[INFO] [stdout] error[E0433]: failed to resolve: use of undeclared type or module `raw`
[INFO] [stdout]    --> src/lib.rs:639:45
[INFO] [stdout]     |
[INFO] [stdout] 639 | unsafe extern "C" fn agg_rdb_load(rdb: *mut raw::RedisModuleIO, encver: c_int) -> *mut c_void {
[INFO] [stdout]     |                                             ^^^ use of undeclared type or module `raw`
[INFO] [stdout] 
[INFO] [stdout] 
[INFO] [stdout] error[E0433]: failed to resolve: use of undeclared type or module `raw`
[INFO] [stdout]    --> src/lib.rs:639:45
[INFO] [stdout]     |
[INFO] [stdout] 639 | unsafe extern "C" fn agg_rdb_load(rdb: *mut raw::RedisModuleIO, encver: c_int) -> *mut c_void {
[INFO] [stdout]     |                                             ^^^ use of undeclared type or module `raw`
[INFO] [stdout] 
[INFO] [stdout] 
[INFO] [stdout] error[E0433]: failed to resolve: use of undeclared type or module `raw`
[INFO] [stdout]    --> src/lib.rs:640:51
[INFO] [stdout]     |
[INFO] [stdout] 640 |     let table = serde_json::from_str::<AggTable>(&raw::load_string(rdb)).unwrap();
[INFO] [stdout]     |                                                   ^^^ use of undeclared type or module `raw`
[INFO] [stdout] 
[INFO] [stdout] 
[INFO] [stdout] error[E0433]: failed to resolve: use of undeclared type or module `raw`
[INFO] [stdout]    --> src/lib.rs:653:45
[INFO] [stdout]     |
[INFO] [stdout] 653 | unsafe extern "C" fn agg_rdb_save(rdb: *mut raw::RedisModuleIO, value: *mut c_void) {
[INFO] [stdout]     |                                             ^^^ use of undeclared type or module `raw`
[INFO] [stdout] 
[INFO] [stdout] 
[INFO] [stdout] error[E0433]: failed to resolve: use of undeclared type or module `raw`
[INFO] [stdout]    --> src/lib.rs:655:5
[INFO] [stdout]     |
[INFO] [stdout] 655 |     raw::save_string(rdb, &serde_json::to_string(table).unwrap());
[INFO] [stdout]     |     ^^^ use of undeclared type or module `raw`
[INFO] [stdout] 
[INFO] [stdout] 
[INFO] [stdout] error[E0433]: failed to resolve: use of undeclared type or module `raw`
[INFO] [stdout]    --> src/lib.rs:660:5
[INFO] [stdout]     |
[INFO] [stdout] 660 |     raw::RedisModuleTypeMethods {
[INFO] [stdout]     |     ^^^ use of undeclared type or module `raw`
[INFO] [stdout] 
[INFO] [stdout] 
[INFO] [stdout] error[E0433]: failed to resolve: use of undeclared type or module `raw`
[INFO] [stdout]    --> src/lib.rs:661:18
[INFO] [stdout]     |
[INFO] [stdout] 661 |         version: raw::REDISMODULE_TYPE_METHOD_VERSION as u64,
[INFO] [stdout]     |                  ^^^ use of undeclared type or module `raw`
[INFO] [stdout] 
[INFO] [stdout] 
[INFO] [stdout] error[E0433]: failed to resolve: use of undeclared type or module `raw`
[INFO] [stdout]    --> src/lib.rs:674:40
[INFO] [stdout]     |
[INFO] [stdout] 674 | extern "C" fn timer_callback(ctx: *mut raw::RedisModuleCtx, arg: *mut c_void) -> () {
[INFO] [stdout]     |                                        ^^^ use of undeclared type or module `raw`
[INFO] [stdout] 
[INFO] [stdout] 
[INFO] [stdout] error[E0433]: failed to resolve: use of undeclared type or module `raw`
[INFO] [stdout]    --> src/lib.rs:640:51
[INFO] [stdout]     |
[INFO] [stdout] 640 |     let table = serde_json::from_str::<AggTable>(&raw::load_string(rdb)).unwrap();
[INFO] [stdout]     |                                                   ^^^ use of undeclared type or module `raw`
[INFO] [stdout] 
[INFO] [stdout] 
[INFO] [stdout] error[E0433]: failed to resolve: use of undeclared type or module `raw`
[INFO] [stdout]    --> src/lib.rs:653:45
[INFO] [stdout]     |
[INFO] [stdout] 653 | unsafe extern "C" fn agg_rdb_save(rdb: *mut raw::RedisModuleIO, value: *mut c_void) {
[INFO] [stdout]     |                                             ^^^ use of undeclared type or module `raw`
[INFO] [stdout] 
[INFO] [stdout] 
[INFO] [stdout] error[E0412]: cannot find type `c_int` in this scope
[INFO] [stdout]    --> src/lib.rs:639:73
[INFO] [stdout]     |
[INFO] [stdout] 639 | unsafe extern "C" fn agg_rdb_load(rdb: *mut raw::RedisModuleIO, encver: c_int) -> *mut c_void {
[INFO] [stdout]     |                                                                         ^^^^^ not found in this scope
[INFO] [stdout]     |
[INFO] [stdout] help: consider importing one of these items
[INFO] [stdout]     |
[INFO] [stdout] 8   | use crate::serde_json::number::de::net::io::sys::fd::c_int;
[INFO] [stdout]     |
[INFO] [stdout] 8   | use crate::serde_json::number::de::net::io::sys::platform::raw::arch::c_int;
[INFO] [stdout]     |
[INFO] [stdout] 8   | use std::os::raw::c_int;
[INFO] [stdout]     |
[INFO] [stdout] 
[INFO] [stdout] 
[INFO] [stdout] error[E0433]: failed to resolve: use of undeclared type or module `raw`
[INFO] [stdout]    --> src/lib.rs:655:5
[INFO] [stdout]     |
[INFO] [stdout] 655 |     raw::save_string(rdb, &serde_json::to_string(table).unwrap());
[INFO] [stdout]     |     ^^^ use of undeclared type or module `raw`
[INFO] [stdout] 
[INFO] [stdout] 
[INFO] [stdout] error[E0433]: failed to resolve: use of undeclared type or module `raw`
[INFO] [stdout]    --> src/lib.rs:660:5
[INFO] [stdout]     |
[INFO] [stdout] 660 |     raw::RedisModuleTypeMethods {
[INFO] [stdout]     |     ^^^ use of undeclared type or module `raw`
[INFO] [stdout] 
[INFO] [stdout] 
[INFO] [stdout] error[E0433]: failed to resolve: use of undeclared type or module `raw`
[INFO] [stdout]    --> src/lib.rs:661:18
[INFO] [stdout]     |
[INFO] [stdout] 661 |         version: raw::REDISMODULE_TYPE_METHOD_VERSION as u64,
[INFO] [stdout]     |                  ^^^ use of undeclared type or module `raw`
[INFO] [stdout] 
[INFO] [stdout] 
[INFO] [stdout] error[E0433]: failed to resolve: use of undeclared type or module `raw`
[INFO] [stdout]    --> src/lib.rs:674:40
[INFO] [stdout]     |
[INFO] [stdout] 674 | extern "C" fn timer_callback(ctx: *mut raw::RedisModuleCtx, arg: *mut c_void) -> () {
[INFO] [stdout]     |                                        ^^^ use of undeclared type or module `raw`
[INFO] [stdout] 
[INFO] [stdout] 
[INFO] [stdout] error[E0412]: cannot find type `c_int` in this scope
[INFO] [stdout]    --> src/lib.rs:639:73
[INFO] [stdout]     |
[INFO] [stdout] 639 | unsafe extern "C" fn agg_rdb_load(rdb: *mut raw::RedisModuleIO, encver: c_int) -> *mut c_void {
[INFO] [stdout]     |                                                                         ^^^^^ not found in this scope
[INFO] [stdout]     |
[INFO] [stdout] help: consider importing one of these items
[INFO] [stdout]     |
[INFO] [stdout] 8   | use crate::serde_json::number::de::net::io::sys::fd::c_int;
[INFO] [stdout]     |
[INFO] [stdout] 8   | use crate::serde_json::number::de::net::io::sys::platform::raw::arch::c_int;
[INFO] [stdout]     |
[INFO] [stdout] 8   | use std::os::raw::c_int;
[INFO] [stdout]     |
[INFO] [stdout] 
[INFO] [stdout] 
[INFO] [stdout] warning: unused `#[macro_use]` import
[INFO] [stdout]  --> src/lib.rs:1:1
[INFO] [stdout]   |
[INFO] [stdout] 1 | #[macro_use]
[INFO] [stdout]   | ^^^^^^^^^^^^
[INFO] [stdout]   |
[INFO] [stdout]   = note: `#[warn(unused_imports)]` on by default
[INFO] [stdout] 
[INFO] [stdout] 
[INFO] [stdout] warning: trait objects without an explicit `dyn` are deprecated
[INFO] [stdout]    --> src/lib.rs:404:45
[INFO] [stdout]     |
[INFO] [stdout] 404 | fn parse_agg_type(name: &str) -> Option<Box<AggOp>>
[INFO] [stdout]     |                                             ^^^^^ help: use `dyn`: `dyn AggOp`
[INFO] [stdout]     |
[INFO] [stdout]     = note: `#[warn(bare_trait_objects)]` on by default
[INFO] [stdout] 
[INFO] [stdout] 
[INFO] [stdout] warning: trait objects without an explicit `dyn` are deprecated
[INFO] [stdout]    --> src/lib.rs:422:24
[INFO] [stdout]     |
[INFO] [stdout] 422 | impl Serialize for Box<AggOp> {
[INFO] [stdout]     |                        ^^^^^ help: use `dyn`: `dyn AggOp`
[INFO] [stdout] 
[INFO] [stdout] 
[INFO] [stdout] warning: trait objects without an explicit `dyn` are deprecated
[INFO] [stdout]    --> src/lib.rs:435:36
[INFO] [stdout]     |
[INFO] [stdout] 435 | impl<'de> Deserialize<'de> for Box<AggOp> {
[INFO] [stdout]     |                                    ^^^^^ help: use `dyn`: `dyn AggOp`
[INFO] [stdout] 
[INFO] [stdout] 
[INFO] [stdout] warning: trait objects without an explicit `dyn` are deprecated
[INFO] [stdout]    --> src/lib.rs:436:54
[INFO] [stdout]     |
[INFO] [stdout] 436 |     fn deserialize<D>(deserializer: D) -> Result<Box<AggOp>, D::Error>
[INFO] [stdout]     |                                                      ^^^^^ help: use `dyn`: `dyn AggOp`
[INFO] [stdout] 
[INFO] [stdout] 
[INFO] [stdout] warning: trait objects without an explicit `dyn` are deprecated
[INFO] [stdout]    --> src/lib.rs:456:13
[INFO] [stdout]     |
[INFO] [stdout] 456 |     op: Box<AggOp>
[INFO] [stdout]     |             ^^^^^ help: use `dyn`: `dyn AggOp`
[INFO] [stdout] 
[INFO] [stdout] 
[INFO] [stdout] warning: unused `#[macro_use]` import
[INFO] [stdout]  --> src/lib.rs:1:1
[INFO] [stdout]   |
[INFO] [stdout] 1 | #[macro_use]
[INFO] [stdout]   | ^^^^^^^^^^^^
[INFO] [stdout]   |
[INFO] [stdout]   = note: `#[warn(unused_imports)]` on by default
[INFO] [stdout] 
[INFO] [stdout] 
[INFO] [stdout] warning: trait objects without an explicit `dyn` are deprecated
[INFO] [stdout]    --> src/lib.rs:404:45
[INFO] [stdout]     |
[INFO] [stdout] 404 | fn parse_agg_type(name: &str) -> Option<Box<AggOp>>
[INFO] [stdout]     |                                             ^^^^^ help: use `dyn`: `dyn AggOp`
[INFO] [stdout]     |
[INFO] [stdout]     = note: `#[warn(bare_trait_objects)]` on by default
[INFO] [stdout] 
[INFO] [stdout] 
[INFO] [stdout] warning: trait objects without an explicit `dyn` are deprecated
[INFO] [stdout]    --> src/lib.rs:422:24
[INFO] [stdout]     |
[INFO] [stdout] 422 | impl Serialize for Box<AggOp> {
[INFO] [stdout]     |                        ^^^^^ help: use `dyn`: `dyn AggOp`
[INFO] [stdout] 
[INFO] [stdout] 
[INFO] [stdout] warning: trait objects without an explicit `dyn` are deprecated
[INFO] [stdout]    --> src/lib.rs:435:36
[INFO] [stdout]     |
[INFO] [stdout] 435 | impl<'de> Deserialize<'de> for Box<AggOp> {
[INFO] [stdout]     |                                    ^^^^^ help: use `dyn`: `dyn AggOp`
[INFO] [stdout] 
[INFO] [stdout] 
[INFO] [stdout] warning: trait objects without an explicit `dyn` are deprecated
[INFO] [stdout]    --> src/lib.rs:436:54
[INFO] [stdout]     |
[INFO] [stdout] 436 |     fn deserialize<D>(deserializer: D) -> Result<Box<AggOp>, D::Error>
[INFO] [stdout]     |                                                      ^^^^^ help: use `dyn`: `dyn AggOp`
[INFO] [stdout] 
[INFO] [stdout] 
[INFO] [stdout] warning: trait objects without an explicit `dyn` are deprecated
[INFO] [stdout]    --> src/lib.rs:456:13
[INFO] [stdout]     |
[INFO] [stdout] 456 |     op: Box<AggOp>
[INFO] [stdout]     |             ^^^^^ help: use `dyn`: `dyn AggOp`
[INFO] [stdout] 
[INFO] [stdout] 
[INFO] [stdout] warning: unused import: `std::convert::TryInto`
[INFO] [stdout]   --> src/lib.rs:10:5
[INFO] [stdout]    |
[INFO] [stdout] 10 | use std::convert::TryInto;
[INFO] [stdout]    |     ^^^^^^^^^^^^^^^^^^^^^
[INFO] [stdout] 
[INFO] [stdout] 
[INFO] [stdout] warning: unused import: `std::convert::TryInto`
[INFO] [stdout]   --> src/lib.rs:10:5
[INFO] [stdout]    |
[INFO] [stdout] 10 | use std::convert::TryInto;
[INFO] [stdout]    |     ^^^^^^^^^^^^^^^^^^^^^
[INFO] [stdout] 
[INFO] [stdout] 
[INFO] [stdout] error: aborting due to 11 previous errors; 7 warnings emitted
[INFO] [stdout] 
[INFO] [stdout] 
[INFO] [stdout] Some errors have detailed explanations: E0412, E0432, E0433.
[INFO] [stdout] 
[INFO] [stdout] For more information about an error, try `rustc --explain E0412`.
[INFO] [stdout] 
[INFO] [stdout] error: aborting due to 11 previous errors; 7 warnings emitted
[INFO] [stdout] 
[INFO] [stdout] 
[INFO] [stdout] Some errors have detailed explanations: E0412, E0432, E0433.
[INFO] [stdout] 
[INFO] [stdout] For more information about an error, try `rustc --explain E0412`.
[INFO] [stdout] 
[INFO] [stderr] error: could not compile `redis-aggregation`.
[INFO] [stderr] 
[INFO] [stderr] To learn more, run the command again with --verbose.
[INFO] [stderr] warning: build failed, waiting for other jobs to finish...
[INFO] [stderr] error: build failed
[INFO] running `Command { std: "docker" "inspect" "240ed82f31199467dc145d763c2074c97350b890faa855f7e923f83a3e465284", kill_on_drop: false }`
[INFO] running `Command { std: "docker" "rm" "-f" "240ed82f31199467dc145d763c2074c97350b890faa855f7e923f83a3e465284", kill_on_drop: false }`
[INFO] [stdout] 240ed82f31199467dc145d763c2074c97350b890faa855f7e923f83a3e465284
